{"id":107,"date":"2023-01-10T09:17:28","date_gmt":"2023-01-10T08:17:28","guid":{"rendered":"http:\/\/davidhbauer-guitares.com\/?page_id=107"},"modified":"2025-04-15T07:03:55","modified_gmt":"2025-04-15T05:03:55","slug":"custom-shop","status":"publish","type":"page","link":"https:\/\/davidhbauer-guitares.com\/index.php\/custom-shop\/","title":{"rendered":"CUSTOM SHOP"},"content":{"rendered":"\n<div style=\"height:50px\" aria-hidden=\"true\" class=\"wp-block-spacer\"><\/div>\n\n\n\n<figure class=\"wp-block-image size-full is-resized\"><img loading=\"lazy\" decoding=\"async\" src=\"https:\/\/davidhbauer-guitares.com\/wp-content\/uploads\/2023\/01\/DAVIDHBAUER-GUITARES-customshop-logo-1.png\" alt=\"\" class=\"wp-image-254\" width=\"160\" height=\"424\" srcset=\"https:\/\/davidhbauer-guitares.com\/wp-content\/uploads\/2023\/01\/DAVIDHBAUER-GUITARES-customshop-logo-1.png 320w, https:\/\/davidhbauer-guitares.com\/wp-content\/uploads\/2023\/01\/DAVIDHBAUER-GUITARES-customshop-logo-1-113x300.png 113w\" sizes=\"auto, (max-width: 160px) 100vw, 160px\" \/><\/figure>\n\n\n\n<div style=\"height:50px\" aria-hidden=\"true\" class=\"wp-block-spacer\"><\/div>\n\n\n\n<h2 class=\"wp-block-heading\" style=\"text-transform:uppercase\">Instrument au service de la singularit\u00e9<\/h2>\n\n\n\n<p>Volumes sons, et couleurs, le custom shop est bien plus qu\u2019une question de look. De la recherche d\u2019accessibilit\u00e9 au relooking de sc\u00e8ne, l\u2019instrument devient le fanion autant qu\u2019il est la source musicale.<\/p>\n\n\n<div class=\"wp-block-image\">\n<figure class=\"aligncenter size-large is-resized\"><img loading=\"lazy\" decoding=\"async\" src=\"https:\/\/davidhbauer-guitares.com\/wp-content\/uploads\/2023\/01\/DAVIDHBAUER-GUITARES-customshop-guitare-01-492x1024.png\" alt=\"\" class=\"wp-image-203\" width=\"369\" height=\"768\" srcset=\"https:\/\/davidhbauer-guitares.com\/wp-content\/uploads\/2023\/01\/DAVIDHBAUER-GUITARES-customshop-guitare-01-492x1024.png 492w, https:\/\/davidhbauer-guitares.com\/wp-content\/uploads\/2023\/01\/DAVIDHBAUER-GUITARES-customshop-guitare-01-144x300.png 144w, https:\/\/davidhbauer-guitares.com\/wp-content\/uploads\/2023\/01\/DAVIDHBAUER-GUITARES-customshop-guitare-01.png 721w\" sizes=\"auto, (max-width: 369px) 100vw, 369px\" \/><\/figure>\n<\/div>\n\n\n<div style=\"height:50px\" aria-hidden=\"true\" class=\"wp-block-spacer\"><\/div>\n\n\n\n<p>De l\u2019instrument sur mesure \u00e0 la modification d\u2019un existant, il y\u2019en a pour tous les budgets et tous les r\u00eaves. Il s\u2019agit, pour le luthier, dans l\u2019arri\u00e8re sc\u00e8ne, de renforcer ce lien du musicien \u00e0 son instrument et, dans une d\u00e9marche comparable \u00e0 la restauration, d\u2019inscrire, cette fois, tel un tatouage, une partie de l\u2019histoire et\/ou de la personnalit\u00e9 du musicien sur l\u2019instrument.<\/p>\n\n\n\n<div style=\"height:100px\" aria-hidden=\"true\" class=\"wp-block-spacer\"><\/div>\n\n\n\n<blockquote class=\"wp-block-quote is-layout-flow wp-block-quote-is-layout-flow\">\n<p>Le custom shop est une des activit\u00e9s de brain storming et de discussions sans fin partag\u00e9e avec vous pour laquelle j\u2019ai v\u00e9cu mes meilleurs moments \u00e0 l\u2019atelier.<\/p>\n<\/blockquote>\n\n\n\n<div style=\"height:100px\" aria-hidden=\"true\" class=\"wp-block-spacer\"><\/div>\n","protected":false},"excerpt":{"rendered":"<p>Instrument au service de la singularit\u00e9 Volumes sons, et couleurs, le custom shop est bien plus qu\u2019une question de look. De la recherche d\u2019accessibilit\u00e9 au relooking de sc\u00e8ne, l\u2019instrument devient le fanion autant qu\u2019il est la source musicale. De l\u2019instrument sur mesure \u00e0 la modification d\u2019un existant, il y\u2019en a pour tous les budgets et &hellip; <\/p>\n<p class=\"link-more\"><a href=\"https:\/\/davidhbauer-guitares.com\/index.php\/custom-shop\/\" class=\"more-link\">Read more<span class=\"screen-reader-text\"> &#8220;CUSTOM SHOP&#8221;<\/span><\/a><\/p>\n","protected":false},"author":1,"featured_media":197,"parent":0,"menu_order":0,"comment_status":"closed","ping_status":"closed","template":"","meta":{"footnotes":""},"class_list":["post-107","page","type-page","status-publish","has-post-thumbnail","hentry"],"jetpack_sharing_enabled":true,"_links":{"self":[{"href":"https:\/\/davidhbauer-guitares.com\/index.php\/wp-json\/wp\/v2\/pages\/107","targetHints":{"allow":["GET"]}}],"collection":[{"href":"https:\/\/davidhbauer-guitares.com\/index.php\/wp-json\/wp\/v2\/pages"}],"about":[{"href":"https:\/\/davidhbauer-guitares.com\/index.php\/wp-json\/wp\/v2\/types\/page"}],"author":[{"embeddable":true,"href":"https:\/\/davidhbauer-guitares.com\/index.php\/wp-json\/wp\/v2\/users\/1"}],"replies":[{"embeddable":true,"href":"https:\/\/davidhbauer-guitares.com\/index.php\/wp-json\/wp\/v2\/comments?post=107"}],"version-history":[{"count":32,"href":"https:\/\/davidhbauer-guitares.com\/index.php\/wp-json\/wp\/v2\/pages\/107\/revisions"}],"predecessor-version":[{"id":403,"href":"https:\/\/davidhbauer-guitares.com\/index.php\/wp-json\/wp\/v2\/pages\/107\/revisions\/403"}],"wp:featuredmedia":[{"embeddable":true,"href":"https:\/\/davidhbauer-guitares.com\/index.php\/wp-json\/wp\/v2\/media\/197"}],"wp:attachment":[{"href":"https:\/\/davidhbauer-guitares.com\/index.php\/wp-json\/wp\/v2\/media?parent=107"}],"curies":[{"name":"wp","href":"https:\/\/api.w.org\/{rel}","templated":true}]}}